t is j(-3)?
14
Let d(s) = 13*s - 18. Determine d(3).
21
Let f(g) = -14*g + 6. Give f(-2).
34
Let h(c) = -c**3 - 15*c**2 - 20*c - 10. Give h(-14).
74
Let h(z) = 30*z - 1. Determine h(1).
29
Let d(i) = -2*i**2 + 14*i - 8. Determine d(7).
-8
Let u(b) = -3*b + 4. Calculate u(10).
-26
Let i(o) = o**2 + 3*o - 2. Give i(-5).
8
Let c(x) = -x**2 - 3*x - 6. Determine c(-3).
-6
Let q(k) = -k - 3. Determine q(-6).
3
Let m(h) = 107*h - 636. Give m(6).
6
Let a(h) = h**3 + 3*h**2 - 8*h - 10. Determine a(-4).
6
Let b(d) = -3*d + 29. What is b(13)?
-10
Let o(c) = -c**3 + 9*c**2 + 3*c + 1. Give o(9).
28
Let d(z) = -2*z**2 - 3*z - 4. Calculate d(-3).
-13
Let c(b) = 161*b - 1930. Give c(12).
2
Let c(n) = -n**3 - 9*n**2 - 4*n - 4. Calculate c(-9).
32
Let n(k) = 2*k**2 - 29*k + 9. Calculate n(14).
-5
Let p(u) = -u**2 + 10*u - 114. Give p(7).
-93
Let v(a) = 38*a**2 + a. Give v(1).
39
Let w(b) = b**2 - 8*b - 32. Calculate w(-7).
73
Let i(l) = -l**3 + 34*l**2 + 40*l - 168. Give i(35).
7
Let x(m) = 4*m + 19. Give x(6).
43
Let o(n) = 5*n**2 + 15*n + 1. Determine o(-4).
21
Let g(z) = -26*z + 1124. Give g(43).
6
Let o(a) = -a**2 - 18*a + 91. What is o(-22)?
3
Let f(u) = u**3 + 11*u**2 - 12*u + 2. Calculate f(-12).
2
Let k(a) = 45*a - 540. What is k(12)?
0
Let y(s) = -8*s**2 - 193*s - 20. What is y(-24)?
4
Let t(v) = v**2 + v - 30. Determine t(0).
-30
Let q(w) = -3*w**2 + 10*w - 3. What is q(4)?
-11
Let k(x) = x**3 - x**2 - 4*x + 5. Calculate k(4).
37
Let t(m) = -7*m - 9. Give t(2).
-23
Let v(n) = -n**2 - 5*n - 8. Give v(-6).
-14
Let n(g) = g**3 + 6*g**2 - g - 5. What is n(-7)?
-47
Let y(t) = t - 5. Calculate y(4).
-1
Let p(y) = -22*y - 73. Give p(-4).
15
Let q(w) = -w. Determine q(6).
-6
Let x(t) = -4*t + 3. Give x(-8).
35
Let g(t) = -t**3 - 9*t**2 + 18*t + 202. Give g(-8).
-6
Let a(g) = g**3 - 9*g**2 - 11*g + 4. Give a(10).
-6
Let z(b) = -b**2 + 11*b + 12. Determine z(10).
22
Let k(n) = n**2 + 12*n - 6. What is k(-12)?
-6
Let r(b) = b**2 - 4*b - 22. What is r(7)?
-1
Let o(v) = -15*v + 26. Calculate o(-11).
191
Let y(d) = 18*d + 228. Determine y(-13).
-6
Let p(l) = 11*l - 89. What is p(8)?
-1
Let k(d) = d - 1. Calculate k(4).
3
Let v(l) = -l - 6. What is v(-8)?
2
Let r(g) = 4*g - 9. Calculate r(5).
11
Let q(v) = v**3 - 6*v**2 - 8*v + 3. Calculate q(5).
-62
Let m(n) = -n**3 - 16*n**2 - 14*n + 34. Give m(-15).
19
Let d(h) = -2*h**3 - 7*h**2 + 16*h + 5. Calculate d(-5).
0
Let x(h) = h**2 + 7*h - 5. Determine x(-5).
-15
Let l(h) = -h**2 + 2*h + 2. Give l(2).
2
Let j(w) = -40*w**3 + w - 1. Calculate j(1).
-40
Let x(r) = -r**3 + 1. What is x(3)?
-26
Let n(z) = -2*z + 3. Calculate n(4).
-5
Let r(h) = -6*h - 214. Calculate r(-35).
-4
Let o(q) = q**3 - q**2 + 2*q + 4. Give o(-2).
-12
Let i(p) = -12*p**2 - 3*p + 2. Give i(1).
-13
Let t(n) = 50*n - 811. Determine t(16).
-11
Let h(g) = 59*g - 53. Determine h(1).
6
Let h(q) = -q**3 - 6*q**2 + 3*q + 7. Give h(-6).
-11
Let r(u) = -65*u + 650. Determine r(10).
0
Let v(s) = -13*s - 70. Determine v(-5).
-5
Let g(r) = -r**3 - r**2 - r - 31. Determine g(0).
-31
Let o(y) = y - 29. Give o(17).
-12
Let w(c) = 244*c + 735. What is w(-3)?
3
Let b(z) = -z - 7. Determine b(-3).
-4
Let q(c) = -c + 5. Determine q(11).
-6
Let j(d) = -9*d + 3. Determine j(2).
-15
Let r(n) = 2*n**2 + n - 1. Determine r(1).
2
Let s(i) = i**3 - 14*i**2 - 17*i + 10. Give s(15).
-20
Let x(d) = -d**2 + 22*d - 1. Calculate x(22).
-1
Let z(j) = -40*j**3 + j - 1. Calculate z(1).
-40
Let z(y) = 28*y + 541. What is z(-19)?
9
Let i(l) = l**3 - 4*l**2 + 4. Determine i(4).
4
Let p(y) = -2*y**3 - 3*y**2 + y. Give p(2).
-26
Let s(g) = -g**2 + 6*g + 4. Calculate s(9).
-23
Let w(k) = -k**3 + 3*k**2 + 9*k - 29. What is w(4)?
-9
Let j(w) = -w**3 + 4*w**2 + 3*w + 11. Determine j(5).
1
Let c(l) = -l**2 - 20*l - 104. Determine c(-10).
-4
Let x(m) = m**3 + m**2. Calculate x(-1).
0
Let o(v) = v**3 - 7*v**2 + 8*v + 5. What is o(4)?
-11
Let b(u) = u - 3. What is b(4)?
1
Let w(m) = m**2 - 4*m - 10. Calculate w(-2).
2
Let m(f) = -f**2 - 6*f + 10. Determine m(-6).
10
Let a(h) = 9*h**3 + h**2 + 3*h. What is a(-2)?
-74
Let b(s) = -s**2 + 2*s + 87. Calculate b(0).
87
Let j(y) = -34*y + 31. Calculate j(1).
-3
Let w(p) = -4*p + 6. Calculate w(3).
-6
Let v(h) = -4*h + 38. Determine v(0).
38
Let l(a) = -a**2 - 20*a + 68. What is l(-23)?
-1
Let h(y) = 7*y + 66. Calculate h(-8).
10
Let a(g) = -23*g**2 + 2*g + 4. What is a(-1)?
-21
Let g(a) = a**3 + 13*a**2 + 3*a + 29. Determine g(-13).
-10
Let c(t) = t**3 - 9*t**2 + 7*t + 8. Determine c(8).
0
Let p(k) = -6*k**2 - 30*k + 3. Calculate p(-5).
3
Let n(g) = 2*g**3 + 13*g**2 + 6*g - 5. Give n(-6).
-5
Let l(r) = r**3 - 18*r**2 + 19*r - 30. What is l(17)?
4
Let d(i) = 2*i**2 - 5*i - 303. Determine d(-11).
-6
Let i(k) = -2*k + 25. What is i(13)?
-1
Let p(k) = -13*k + 5. Calculate p(3).
-34
Let s(v) = v**2 - v - 1. Give s(-4).
19
Let i(m) = 2*m**2 - 7*m. Calculate i(6).
30
Let c(h) = -h**2 - 16*h - 8. Give c(-15).
7
Let k(r) = -6*r**2 + 8*r - 6. What is k(1)?
-4
Let d(o) = o**3 + 12*o**2 - o - 9. Determine d(-12).
3
Let l(h) = h + 10. Give l(-7).
3
Let u(a) = a + 6. What is u(5)?
11
Let x(b) = -b + 4. What is x(0)?
4
Let z(f) = f**2 - 5*f - 24. Determine z(8).
0
Let c(q) = q**2 + 9*q + 3. Determine c(-8).
-5
Let y(h) = 2*h**2 + 4*h - 26. Determine y(-5).
4
Let r(c) = -19*c**2 - 2*c - 1. Determine r(-1).
-18
Let f(k) = 2*k**3 + 2*k**2 + 3*k + 1. Give f(-2).
-13
Let o(h) = h**2 - 7*h + 7. Give o(4).
-5
Let f(v) = -v - 31. Determine f(-25).
-6
Let z(a) = -2*a**2 + 4*a - 19. Calculate z(-8).
-179
Let c(t) = 47*t**3 + t. Calculate c(1).
48
Let p(h) = -h**3 + 2*h**2 + 8*h + 1. What is p(4)?
1
Let h(n) = 2*n**2 - 15*n + 26. Calculate h(4).
-2
Let o(p) = p**2 + 10*p - 2. Give o(-10).
-2
Let s(h) = -33*h - 94. What is s(-3)?
5
Let k(d) = -d**2 + 15*d + 1. Calculate k(14).
15
Let q(v) = -7*v**3 - 3*v + 1. Determine q(2).
-61
Let p(o) = -o - 13. Give p(-18).
5
Let h(t) = -18*t + 86. Determine h(5).
-4
Let c(f) = -f**2 + 58*f - 287. Calculate c(52).
25
Let m(p) = 3*p - 39. Give m(18).
15
Let f(d) = 4*d - 14. Give f(5).
6
Let k(n) = n**2 - 11*n + 6. What is k(3)?
-18
Let r(j) = j**3 - 6*j**2 - j + 11. What is r(5)?
-19
Let v(l) = -2*l + 6. Determine v(3).
0
Let z(s) = s**3 + s**2 - 19. What is z(0)?
-19
Let d(c) = -c**3 - 8*c**2 + 19*c - 13. Give d(-10).
-3
Let k(g) = g - 3. Give k(18).
15
Let g(p) = -39*p + 272. What is g(7)?
-1
Let t(l) = l**3 + 4*l**2 + l. Determine t(-4).
-4
Let i(w) = w**3 - 5*w - 1. Calculate i(-2).
1
Let t(j) = -2*j**2 + 3*j + 1. What is t(-4)?
-43
Let l(w) = -w**2 - 7*w. Determine l(-8).
-8
Let l(r) = -10*r + 9. What is l(-11)?
119
Let s(o) = -o**3 - 10*o**2 - 7*o - 13. What is s(-9)?
-31
Let x(i) = -i**3 - 12*i**2 + 20. Determine x(-12).
20
Let w(j) = j**3 + 3*j**2 - 6*j. Give w(-4).
8
Let s(j) = -12*j**2 + 43*j + 11. Give s(4).
-9
Let f(k) = -k**2 + 18*k + 110. Give f(23).
-5
Let q(c) = -c**3 + 17*c**2 - 16*c - 17. Calculate q(16).
-17
Let w(y) = -y**3 - 10*y**2 - y - 11. Determine w(-10).
-1
Let n(h) = -8*h + 2. Calculate n(1).
-6
Let x(r) = -3*r - 9. Calculate x(-4).
3
Let m(d) = d**2 + 12*d + 16. Give m(-8).
-16
Let z(p) = -p**3 + 9*p**2 - p + 11. Give z(9).
2
Let l(n) = -n**3 + 8*n**2 - 9*n + 2. Give l(6).
20
Let b(q) = -q**2 - 44*q - 471. Determine b(-27).
-12
Let a(o) = 3*o**2 + 33*o + 15. Give a(-7).
-69
Let u(s) = 45*s + 86. Determine u(-2).
-4
Let x(i) = -2*i + 21. What is x(-21)?
63
Let w(u) = u**3 + 17*u**2 - 52. Determine w(-17).
-52
Let a(b) = 21*b + 412. What is a(-20)?
-8
Let s(h) = -h**2 - 4*h - 5. Give s(-4).
-5
Let x(t) = -3*t + 28. Determine x(11).
-5
Let o(c) = -3*c + 12. Give o(6).
-6
Let n(x) = 61*x - 24. Give n(3).
159
Let w(k) = 33*k - 127. What is w(4)?
5
Let w(v) = 3*v**2 + 3*v + 2. What is w(-2)?
8
Let g(x) = 6*x**2 + 23*x + 8. What is g(-3)?
-7
Let x(c) = c**2 - 29*c + 152. What is x(7)?
-2
Let g(i) = -i**2 - i - 12. Calculate g(0).
-12
Let s(c) = 2*c**2 - 12*c - 20. Give s(8).
12
Let g(u) = u**3 - u**2 + 1. What is g(3)?
19
Let r(n) = -51*n + 185. What is r(4)?
-19
Let z(u) = -u**3 - 21*u**2 + 2*u + 55. Determine z(-21).
13
Let t(q) = q**3 - q**2 + q + 21. Give t(0).
21
Let x(a) = -a**2 - 9*a + 1. Calculate x(-8).
9
Let y(f) = -2*f**2 + 3*f. Give y(-1).
-5
Let y(f) = 19*f - 2. Determine y(-1).
-21
Let n(f) = f**3 - 18*f